{"id":27,"date":"2024-07-04T04:38:15","date_gmt":"2024-07-04T04:38:15","guid":{"rendered":"https:\/\/cotizador.cardioprotegido.cl\/?post_type=product&#038;p=27"},"modified":"2024-07-04T04:38:22","modified_gmt":"2024-07-04T04:38:22","slug":"bateria-dea-philips-frx3","status":"publish","type":"product","link":"https:\/\/cotizador.cardioprotegido.cl\/?product=bateria-dea-philips-frx3","title":{"rendered":"Bater\u00eda DEA Philips FRX3"},"content":{"rendered":"","protected":false},"excerpt":{"rendered":"<p>Recambio de bater\u00eda original para desfibrilador Heartstart HS1 y FRx, este recambio es un bater\u00eda de litio de di\u00f3xido de manganesio no recargable. La fecha \u00f3ptima para su utilizaci\u00f3n de esta bater\u00eda est\u00e1 indicada en la propia bater\u00eda (el tiempo recomendado 5 a\u00f1os como m\u00e1ximo despu\u00e9s de su fabricaci\u00f3n) por lo que las fechas de la caducidad influyen en el coste de la bater\u00eda.<\/p>\n","protected":false},"featured_media":57,"comment_status":"open","ping_status":"closed","template":"","meta":[],"product_cat":[19],"product_tag":[],"class_list":{"0":"post-27","1":"product","2":"type-product","3":"status-publish","4":"has-post-thumbnail","6":"product_cat-baterias","8":"first","9":"instock","10":"shipping-taxable","11":"purchasable","12":"product-type-simple"},"_links":{"self":[{"href":"https:\/\/cotizador.cardioprotegido.cl\/index.php?rest_route=\/wp\/v2\/product\/27","targetHints":{"allow":["GET"]}}],"collection":[{"href":"https:\/\/cotizador.cardioprotegido.cl\/index.php?rest_route=\/wp\/v2\/product"}],"about":[{"href":"https:\/\/cotizador.cardioprotegido.cl\/index.php?rest_route=\/wp\/v2\/types\/product"}],"replies":[{"embeddable":true,"href":"https:\/\/cotizador.cardioprotegido.cl\/index.php?rest_route=%2Fwp%2Fv2%2Fcomments&post=27"}],"wp:featuredmedia":[{"embeddable":true,"href":"https:\/\/cotizador.cardioprotegido.cl\/index.php?rest_route=\/wp\/v2\/media\/57"}],"wp:attachment":[{"href":"https:\/\/cotizador.cardioprotegido.cl\/index.php?rest_route=%2Fwp%2Fv2%2Fmedia&parent=27"}],"wp:term":[{"taxonomy":"product_cat","embeddable":true,"href":"https:\/\/cotizador.cardioprotegido.cl\/index.php?rest_route=%2Fwp%2Fv2%2Fproduct_cat&post=27"},{"taxonomy":"product_tag","embeddable":true,"href":"https:\/\/cotizador.cardioprotegido.cl\/index.php?rest_route=%2Fwp%2Fv2%2Fproduct_tag&post=27"}],"curies":[{"name":"wp","href":"https:\/\/api.w.org\/{rel}","templated":true}]}}